c + 65 = 0. Let a = -19 - c. Let f be t(a). Let h(o) = o**2 + o - 1. Calculate h(f).
5
Let t(n) = 2*n**2 - 2*n - 1. Suppose 4*z - 2 = -5*h + 2*z, 3*z = 4*h - 20. What is t(h)?
3
Let i(y) = 0 - 2 - y + 3*y. Suppose -5*s + 2*h = -2*s - 11, 4*h = -s - 1. Calculate i(s).
4
Let n(p) = -2*p**2 - 53*p + 26. Let z be n(-27). Let l(x) = -15*x**3 - x**2 - 2*x - 1. Calculate l(z).
15
Let k(t) = 2*t**2 + 2*t**3 - 12*t + 12*t + 6*t**3 + t. Determine k(-1).
-7
Let i be (-32)/(-6) + 4/6. Suppose -3*y + y = -i. Let n(p) = -3*p + 4. Calculate n(y).
-5
Let y(t) = -t**3 + 2*t**2 + 12*t + 2. Let s(o) = 2*o**3 - 3*o**2 - 25*o - 5. Let w(x) = 4*s(x) + 9*y(x). Determine w(7).
5
Let k be -6 + (0 - 0) + 0. Let g(x) = 2*x + 7. Let s be g(k). Let l = -4 - s. Let z(m) = 6*m**3 - m**2 + 1. What is z(l)?
6
Let m(k) = -k**3 - 7*k**2 + k + 8. Suppose 3*u = 20 - 5. Suppose -8 = 2*q - 0*q + 3*x, u*x = q + 17. Calculate m(q).
1
Let n(c) = c**3 + 7*c**2 + 6*c + 4. Let i(u) = -2*u**2 - 2*u - 2. Let z be i(-2). What is n(z)?
4
Suppose 0*o = 2*o. Let u = 8 - 8. Let z(n) = 3 - 2 + u + 2 - n. Give z(o).
3
Let p be 7 - (-4)/(-2 + 0). Let k(w) be the second derivative of -w**3/3 + 2*w**2 - w. What is k(p)?
-6
Let q = -9 + 9. Suppose 0 = 3*a - 4*c + 12, -a + 2*c = -0*a + 6. Let g(v) = 6 + a*v + v - 3. What is g(q)?
3
Let i(j) = j**2 - 6*j + 4. Let t(r) = -r + 4. Let u be t(3). Let f(q) = -39*q**3 + 2*q**2 - q. Let v be f(u). Let y be v/(-6) - 3/9. Determine i(y).
4
Let x(q) = -5*q**2 - q**2 + q**3 + 6*q - 1 + 0*q. Suppose 5*u = -2*u + 35. Calculate x(u).
4
Let i(f) be the third derivative of f**4/24 + f**3/2 - 19*f**2. What is i(-3)?
0
Let f(c) be the third derivative of -1/120*c**6 - 1/15*c**5 + 0*c + 0*c**4 + 3*c**2 + 2/3*c**3 + 0. Determine f(-3).
-5
Let f(g) be the second derivative of -g**4/6 - g**3 - 2*g**2 + g. Let b be 12/(-30)*-1 - 22/5. Give f(b).
-12
Let n = -3 + 6. Let p(c) = -c**2 - 7*c + 0*c - 4 - n + 2. Suppose 16 = -3*k - 2. Give p(k).
1
Let c(l) = -l - 7. Let x(r) = -r**2 + 5*r - 5. Let s be x(5). Give c(s).
-2
Let f be (1 - 0)/(-2 - -3). Let v(h) = -h**3 + h**2 - 1. Let i(s) = 8*s**3 - 7*s**2 - s + 7. Let p(g) = -i(g) - 6*v(g). Calculate p(f).
-1
Let d(v) = -18 - v**2 - 4*v + 18 + 3*v + v**3. Determine d(0).
0
Let w(j) = 4*j**3 - 2*j**2 + 1. Suppose u - 2*u + 14 = 0. Let v = u + -13. What is w(v)?
3
Suppose -h - r = h - 17, 2*r - 14 = -2*h. Suppose h = 5*q + 30. Let a(u) = -u. Give a(q).
4
Let j(o) = -o**3 - 8*o**2 + 10*o + 7. Let d be j(-9). Let l be 2 - (-1 - d - 2). Suppose b = -2*b + l. Let s(f) = 4*f**2 + f - 1. Give s(b).
4
Let o(t) = -3*t**3 + 4*t**2 - 3*t - 4. Let c = -11 + 7. Let r(p) = -2*p**3 + 3*p**2 - 2*p - 3. Let g(w) = c*r(w) + 3*o(w). Determine g(0).
0
Suppose 0 = -d - 2 - 1. Let c(r) = -7*r**2 + 17*r + 3. Let h(u) = u**2 + 2 - 5*u**2 + 0 + 9*u. Let g(s) = -6*c(s) + 11*h(s). Calculate g(d).
-5
Let x(v) be the first derivative of v**3/3 + v**2/2 + v + 2. Let f be x(0). Let l(a) = 0*a**2 - 1 + 2 - a + 2*a**2. Determine l(f).
2
Let m = 5 + -3. Let o(s) = s**2 - 1. Give o(m).
3
Let t(x) = x**3 - 2*x**2 - 3*x + 3. Let r = 13 + -11. Give t(r).
-3
Let h(t) = 2*t**2 - 2*t + 1. Let q be h(2). Suppose -12 = q*r - 3*r. Let k(a) = a**2 + 6*a + 5. What is k(r)?
5
Let f = 45 - 43. Let p(o) = -6*o**2. Determine p(f).
-24
Let c be (-30)/4 + (-2)/4. Let q(o) = o + 5. Calculate q(c).
-3
Let b(y) = -5*y + 3 - y**2 + 20*y - 13*y - 4*y. Calculate b(2).
-5
Let l(u) = u**3 + u**2 + 4. Let o be l(0). Suppose 0 = -3*g + 4*g - o. Let a(k) = -7*k + 7 + 0 + 6*k. Calculate a(g).
3
Let w = 5 - 2. Suppose 5 = w*m - 10. Let s(a) be the third derivative of a**4/12 - a**3/2 - 3*a**2. Calculate s(m).
7
Let b(i) = i + 9. Let g be b(-9). Let a(q) be the third derivative of q**4/24 + q**3/6 + 3*q**2. Let t(r) = -4*r - 8. Let s(j) = 3*a(j) + t(j). Calculate s(g).
-5
Let c(q) = -17*q**3 + 7*q**2 - 2*q**2 + 6*q + 16*q**3 + 5. Give c(6).
5
Let l(n) = 4*n + 1 + 1 + 2*n. Let t(w) = -w - 1. Let f(s) = l(s) + 4*t(s). What is f(-5)?
-12
Let v(a) = 2*a**3 + 6*a + 3 - 3*a**3 - 2*a**2 - 4*a. Let m be v(-2). Let s(w) be the first derivative of -w**2/2 - w - 2. Determine s(m).
0
Let t(i) = -4*i**2 - 4*i**2 - 8*i + 9*i**2 + 3. Calculate t(6).
-9
Let b(o) = -o**3 + 118*o**2 + 3 - 110*o**2 + 2 - 7*o. Determine b(7).
5
Suppose 0 = -4*i - i + 10. Let x(f) = -f**3 + 2*f**2 - 2*f. Give x(i).
-4
Let u(a) = a**2 + 8*a + 10. Let s = -18 + 11. Let c be u(s). Let v = 0 - c. Let h(n) = 3*n + 4. Give h(v).
-5
Let p(d) = -11*d + 8. Let n(k) = -5*k + 4. Let s = -11 + 18. Let w(i) = -i**2 + 8*i - 3. Let h be w(s). Let l(v) = h*p(v) - 9*n(v). Calculate l(4).
0
Let n(v) = 2*v - 1. Let h be (-4)/(-18) - (-116)/(-36). Calculate n(h).
-7
Let t(h) = h**2 - 13*h + 3. Let w(a) = -a**3 + 23*a**2 - 20*a - 32. Let k be w(22). Calculate t(k).
-9
Let p(b) be the third derivative of -b**6/120 - b**5/60 - b**3 - 4*b**2. Determine p(0).
-6
Let d(c) = -c + 12. Suppose -3*b = -2*b - 7. Suppose -3*h = -4*h + b. Let g be d(h). Let r(q) = -q**3 + 4*q**2 + 5*q + 4. What is r(g)?
4
Let t = 20 + -11. Suppose -3 = -d, 2*z + 7*d = 4*d + t. Let j(l) = -l + 11. Calculate j(z).
11
Let z(q) = 697 - 3*q + q + 3*q - 696. What is z(-2)?
-1
Let r(a) be the second derivative of -a**3/3 + a. Let j be (-2)/13 - 336/(-156). Let l be r(j). Let t(h) = -h - 4. Give t(l).
0
Let p(l) = l**3 + l**2 + l - 2. Let n(x) = x + 8. Let v be n(-6). Let g be -4*(1 - v) + -2. Let d be 3 - (-1 - -4) - g. Give p(d).
-8
Let q be (8/(-6))/((-3)/9). Let n(p) = -4*p - 14. Let l be n(-4). Let k(v) = -q*v - 1 + l + v. Give k(-2).
7
Let a(o) = o**2 - o. Suppose 4*s - 48 = -5*q, -17 + 2 = -5*s + 5*q. Let v = s + -9. Give a(v).
6
Let k(l) = -l + 4. Suppose 2*t = 5*n - 8 - 4, -5*t - n + 24 = 0. Let w be k(t). Let p(r) be the third derivative of r**4/24 - r**2. Calculate p(w).
0
Let w(t) = 2*t + 2. Suppose 5*f + 4*z - 8 = 23, -5 = 5*z. Suppose -f = b - 9. What is w(b)?
6
Suppose -5*k - 2*m - 45 = 0, 2*k - 4*m - 2 = 4*k. Let b = k + 16. Let f(u) = -u**2 + b*u - u + 3 - 2. What is f(5)?
-4
Let p(k) be the first derivative of -k**7/840 - k**6/60 - k**5/20 - 5*k**4/24 + 2*k**3/3 + 2. Let i(u) be the third derivative of p(u). Determine i(-5).
0
Let j(i) = -5*i + 19. Let v be j(4). Let n(t) = -6*t**3 - t. Calculate n(v).
7
Let l = -5 + 8. Let z(p) = -8*p**2 - p + 3. Let k(c) = c**2 + c - 1. Let o(a) = 6*k(a) + z(a). What is o(l)?
-6
Let p(x) = -x**2 - 4*x + 5. Let b be (-5 + 0/6)/(1 + 0). Calculate p(b).
0
Suppose -h = -2*f - 1 + 15, -4*f - 2*h = -20. Suppose -4*g = -f*g - 4. Let r(s) = -3*s. Let j(z) = -6*z - 1. Let x(a) = g*j(a) + 5*r(a). Give x(2).
-4
Let b(t) = -t - 1. Let o = -2 - -6. Suppose r + o = -0. Determine b(r).
3
Let x(n) be the second derivative of n**4/12 - 4*n**3/3 - n**2 + 10*n. Determine x(7).
-9
Let a(q) = -1 + q - 2*q + 0 + 6*q**2 + 0. Give a(-1).
6
Suppose -z - 4*z = -25. Suppose -5*o + o - 5*n + 25 = 0, -4*n = 2*o - 20. Let k(v) = o + 2*v + 2 + 0 - 6. Give k(z).
6
Let g(a) = a + 6. Let x(h) = -h**3 + 5*h**2 + 2*h - 4. Let v be x(5). Let b = 6 - v. Calculate g(b).
6
Let l(h) = 7*h**2 + 5*h + 7. Let z be (-10)/8*2*-2. Let q(v) = 3*v**2 + 2*v + 4. Let w(k) = z*q(k) - 2*l(k). Let p(d) = -3*d + 33. Let i be p(11). What is w(i)?
6
Let d(q) = q**2 + 6*q - 5. Let f be d(-6). Let z(h) be the second derivative of 2/3*h**3 + 0 + 1/12*h**4 + 2*h**2 + h. Determine z(f).
9
Let b = 1 - 6. Let p(h) be the third derivative of h**5/60 + h**4/4 - h**3/3 - 20*h**2. What is p(b)?
-7
Let j(k) = -k**2 - 3*k + 5. Suppose -4*s - 32 = 3*n - 9*s, 3*n + s + 8 = 0. Determine j(n).
1
Let f(w) be the first derivative of -w**4/4 - w**3/3 + w**2/2 + 9*w - 32. What is f(0)?
9
Let l = 6 + -3. Let r(j) be the second derivative of -1/6*j**3 + 7/2*j**2 - j + 0. Give r(l).
4
Let l(c) = c**3 + c**2 - c. Let f(v) = 2*v**3 - 2*v + 4. Let x(y) = -f(y) + 3*l(y). Determine x(-3).
-1
Let v(k) = -19*k - 11. Let z(p) = -9*p - 5. Let t(r) = -6*v(r) + 13*z(r). Let g be t(1). Let b(d) = -d**2 - 3*d - 1. Determine b(g).
1
Let a(x) = x + 1. Let m(w) = -3*w**2 + w - 2. Let z(v) = a(v) + m(v). Let g be 10/12 - (-4)/24. Give z(g).
-2
Let n(y) be the second derivative of y**5/20 - y**4/3 + y**3/3 - 3*y**2 + 3*y. Let s be n(4). Let f(i) = -4*i + 2. Give f(s).
-6
Let q(l) = -l + 1. Let g(t) = 11*t**3 - t**2. Let y be g(-1)